 tens digit of 2411?
1
What is the thousands digit of 1870?
1
What is the units digit of 3437?
7
What is the units digit of 5135?
5
What is the hundreds digit of 291?
2
What is the thousands digit of 7792?
7
What is the ten thousands digit of 71038?
7
What is the hundreds digit of 810?
8
What is the thousands digit of 16732?
6
What is the tens digit of 664?
6
What is the ten thousands digit of 33218?
3
What is the tens digit of 78?
7
What is the thousands digit of 18171?
8
What is the tens digit of 17579?
7
What is the tens digit of 82602?
0
What is the thousands digit of 1586?
1
What is the thousands digit of 1487?
1
What is the units digit of 441?
1
What is the units digit of 3826?
6
What is the thousands digit of 1184?
1
What is the ten thousands digit of 144360?
4
What is the tens digit of 3141?
4
What is the tens digit of 7685?
8
What is the thousands digit of 32801?
2
What is the units digit of 2215?
5
What is the thousands digit of 2644?
2
What is the thousands digit of 1298?
1
What is the tens digit of 3820?
2
What is the units digit of 24561?
1
What is the hundred thousands digit of 141421?
1
What is the tens digit of 731?
3
What is the hundreds digit of 12431?
4
What is the tens digit of 10?
1
What is the tens digit of 79695?
9
What is the tens digit of 11546?
4
What is the ten thousands digit of 15217?
1
What is the tens digit of 12389?
8
What is the tens digit of 1345?
4
What is the tens digit of 61807?
0
What is the units digit of 3948?
8
What is the units digit of 31?
1
What is the thousands digit of 50857?
0
What is the ten thousands digit of 15160?
1
What is the units digit of 629?
9
What is the thousands digit of 10089?
0
What is the units digit of 693?
3
What is the units digit of 335?
5
What is the units digit of 5047?
7
What is the units digit of 3233?
3
What is the thousands digit of 10018?
0
What is the units digit of 447?
7
What is the tens digit of 19305?
0
What is the units digit of 47678?
8
What is the hundreds digit of 8312?
3
What is the tens digit of 10024?
2
What is the tens digit of 52744?
4
What is the tens digit of 3181?
8
What is the thousands digit of 8337?
8
What is the units digit of 10898?
8
What is the thousands digit of 92013?
2
What is the tens digit of 5196?
9
What is the tens digit of 30724?
2
What is the ten thousands digit of 38563?
3
What is the thousands digit of 21593?
1
What is the units digit of 6570?
0
What is the thousands digit of 4224?
4
What is the tens digit of 2341?
4
What is the tens digit of 50840?
4
What is the units digit of 60665?
5
What is the ten thousands digit of 22153?
2
What is the units digit of 4207?
7
What is the hundreds digit of 2195?
1
What is the units digit of 2867?
7
What is the ten thousands digit of 15638?
1
What is the thousands digit of 2365?
2
What is the thousands digit of 9314?
9
What is the hundreds digit of 164800?
8
What is the tens digit of 22089?
8
What is the units digit of 2840?
0
What is the thousands digit of 35368?
5
What is the units digit of 48060?
0
What is the hundreds digit of 890?
8
What is the tens digit of 7842?
4
What is the thousands digit of 9155?
9
What is the units digit of 3663?
3
What is the units digit of 18962?
2
What is the units digit of 1571?
1
What is the hundred thousands digit of 106979?
1
What is the hundreds digit of 59312?
3
What is the hundreds digit of 65445?
4
What is the tens digit of 446?
4
What is the hundreds digit of 615?
6
What is the units digit of 71193?
3
What is the units digit of 892?
2
What is the hundreds digit of 3698?
6
What is the units digit of 3897?
7
What is the thousands digit of 26033?
6
What is the thousands digit of 1931?
1
What is the thousands digit of 5529?
5
What is the thousands digit of 26138?
6
What is the thousands digit of 5606?
5
What is the units digit of 3576?
6
What is the units digit of 1506?
6
What is the units digit of 510?
0
What is the units digit of 22853?
3
What is the ten thousands digit of 15808?
1
What is the hundreds digit of 25907?
9
What is the tens digit of 1526?
2
What is the hundreds digit of 2675?
6
What is the hundreds digit of 669?
6
What is the hundreds digit of 19778?
7
What is the units digit of 5453?
3
What is the hundreds digit of 6398?
3
What is the thousands digit of 109005?
9
What is the hundreds digit of 20994?
9
What is the units digit of 1695?
5
What is the units digit of 1101?
1
What is the units digit of 11650?
0
What is the hundreds digit of 21430?
4
What is the units digit of 5245?
5
What is the units digit of 50612?
2
What is the ten thousands digit of 28976?
2
What is the hundreds digit of 2265?
2
What is the units digit of 65342?
2
What is the units digit of 2281?
1
What is the hundreds digit of 407?
4
What is the hundreds digit of 1229?
2
What is the thousands digit of 1572?
1
What is the tens digit of 3975?
7
What is the units digit of 10454?
4
What is the tens digit of 1275?
7
What is the thousands digit of 3887?
3
What is the hundreds digit of 59085?
0
What is the units digit of 70715?
5
What is the hundreds digit of 6117?
1
What is the hundreds digit of 77823?
8
What is the thousands digit of 41505?
1
What is the tens digit of 1103?
0
What is the units digit of 36993?
3
What is the hundreds digit of 3398?
3
What is the tens digit of 24490?
9
What is the ten thousands digit of 10733?
1
What is the units digit of 17433?
3
What is the thousands digit of 1652?
1
What is the ten thousands digit of 45357?
4
What is the thousands digit of 22056?
2
What is the ten thousands digit of 55852?
5
What is the units digit of 37?
7
What is the hundreds digit of 1954?
9
What is the tens digit of 9591?
9
What is the hundreds digit of 22918?
9
What is the tens digit of 887?
8
What is the thousands digit of 18034?
8
What is the tens digit of 2378?
7
What is the ten thousands digit of 36113?
3
What is the ten thousands digit of 21218?
2
What is the units digit of 234?
4
What is the hundreds digit of 1098?
0
What is the ten thousands digit of 21766?
2
What is the tens digit of 6063?
6
What is the hundreds digit of 13918?
9
What is the units digit of 3593?
3
What is the hundreds digit of 3524?
5
What is the units digit of 168?
8
What is the ten thousands digit of 99765?
9
What is the tens digit of 1011?
1
What is the tens digit of 46091?
9
What is the hundreds digit of 4595?
5
What is the tens digit of 11562?
6
What is the ten thousands digit of 10025?
1
What is the hundreds digit of 8503?
5
What is the hundreds digit of 868?
8
What is the units digit of 1038?
8
What is the thousands digit of 2838?
2
What is the hundreds digit of 26755?
7
What is the units digit of 29?
9
What is the hundreds digit of 2107?
1
What is the tens digit of 1567?
6
What is the tens digit of 1207?
0
What is the hundreds digit of 153055?
0
What is the tens digit of 74082?
8
What is the units digit of 2307?
7
What is the hundreds digit of 1337?
3
What is the thousands digit of 28426?
8
What is the tens digit of 17288?
8
What is the hundreds digit of 15127?
1
What is the thousands digit of 3132?
3
What is the tens digit of 2134?
3
What is the tens digit of 3736?
3
What is the ten thousands digit of 13936?
1
What is the thousands digit of 44362?
4
What is the thousands digit of 1522?
1
What is the hundreds digit of 1982?
9
What is the units digit of 3472?
2
What is the tens digit of 58986?
8
What is the tens digit of 21606?
0
What is the hundreds digit of 388?
3
What is the tens digit of 12464?
6
What is the units digit of 2717?
7
What is the units digit of 12029?
9
What is the thousands digit of 61320?
1
What is the units digit of 13211?
1
What is the thousands digit of 171156?
1
What is the hundreds digit of 65567?
5
What is the thousands digit of 66128?
6
What is the hundreds digit of 2076?
0
What is the hundreds digit of 12625?
6
What is the units digit of 445?
5
What is the tens digit of 159?
5
What is the tens digit of 2105?
0
What is the units digit of 136?
6
What is the units digit of 41755?
5
What is the units digit of 7656?
6
What is the hundreds digit of 1330?
3
What is the tens digit of 1173?
7
What is the tens digit of 1118?
1
What is the tens digit of 982?
8
What is the thousands digit of 1040?
1
What is the thousands digit of 7103?
7
What is the hundreds digit of 6463?
4
What i